94*g + 329. Calculate i(-95).
234
Let i(p) = p**3 + 16*p**2 + 34*p + 235. Give i(-15).
-50
Let m(v) = 16553*v - 33103. Calculate m(2).
3
Let z(f) = -3*f**3 + 9*f**2 + 56*f - 20. What is z(6)?
-8
Let m(u) = -u**2 + 34*u - 218. What is m(5)?
-73
Let p(q) = -1285*q + 68131. Calculate p(53).
26
Let o(p) = 519*p + 5590. Give o(-11).
-119
Let o(q) = 344*q**3 + 1. What is o(-1)?
-343
Let v(a) = -a**2 - 10*a + 33. Calculate v(7).
-86
Let l(s) = s**2 + 3*s - 966. What is l(30)?
24
Let s(n) = 617*n + 71577. Calculate s(-116).
5
Let v(i) = -2*i**3 + 34*i**2 - 17*i + 310. Determine v(17).
21
Let i(f) = 2*f**3 - 22*f**2 - 307*f - 30. What is i(-8)?
-6
Let h(n) = -4*n**3 - 7*n**2 + 17*n - 13. Give h(3).
-133
Let h(b) = -30*b**2 + 1293*b - 31. Calculate h(43).
98
Let k(p) = -p**3 - 34*p**2 - 229*p - 36. Calculate k(-9).
0
Let c(m) = 69*m**2 - 2*m + 2. Give c(1).
69
Let d(p) = 334*p + 1691. Calculate d(-5).
21
Let s(u) = -19*u + 614. Give s(33).
-13
Let c(r) = 2*r**3 + 4*r**2 - 18*r + 1. Give c(5).
261
Let x(f) = -f**2 - 145*f + 1196. Calculate x(8).
-28
Let k(z) = -3*z**3 + 48*z**2 - 41*z - 24. Calculate k(15).
36
Let r(i) = -2*i**3 - 68*i**2 - 26*i - 41. Determine r(-34).
843
Let a(d) = d**3 - 10*d**2 - 36*d + 363. What is a(10)?
3
Let p(d) = 254*d - 300. Determine p(1).
-46
Let o(a) = -a**2 + 498*a - 6789. Give o(14).
-13
Let v(a) = -3*a**2 - 118*a + 52. Give v(-40).
-28
Let u(l) = l**3 - 15*l**2 + 22*l - 22. Give u(13).
-74
Let a(z) = -115*z - 624. What is a(-5)?
-49
Let f(t) = -38*t + 25. Determine f(-7).
291
Let a(x) = 11*x - 460. Calculate a(43).
13
Let z(f) = -194*f + 307. Give z(2).
-81
Let j(l) = 7*l**2 + 93*l - 72. Calculate j(-14).
-2
Let n(f) = -f**3 + 18*f**2 - 11*f + 237. Calculate n(18).
39
Let t(q) = 27*q**3 + 2*q**2 + 52*q - 154. Determine t(3).
749
Let l(k) = 5*k - 75. Give l(-6).
-105
Let z(f) = -f**2 - 24*f + 899. Give z(-45).
-46
Let o(i) = -2*i**3 - 3*i**2 - 3*i - 18. Calculate o(-4).
74
Let w(s) = -3841*s - 15352. Determine w(-4).
12
Let z(k) = 2*k**3 - 47*k**2 + 65*k + 832. What is z(21)?
-8
Let k(v) = -v**3 + 7*v**2 - 3*v + 9. Determine k(4).
45
Let q(w) = 30*w**2 - 2. Determine q(-1).
28
Let m(z) = -z**3 - 14*z**2 - 11*z + 283. Calculate m(-10).
-7
Let r(z) = z**2 - 59*z - 393. Give r(65).
-3
Let q(c) = -85*c**3 + 181*c**2 + 177*c - 3. Give q(-1).
86
Let i(j) = 12*j**2 - 249*j - 61. What is i(21)?
2
Let s(x) = -3*x**2 - 71*x - 385. Calculate s(-15).
5
Let p(u) = -2*u**2 - 432*u - 12375. Calculate p(-182).
1
Let t(k) = -50*k**2 + 1355*k - 130. What is t(27)?
5
Let s(b) = 3*b**2 + 11*b + 25. Give s(-7).
95
Let a(h) = -h**3 + 29*h**2 + 119*h + 423. What is a(33)?
-6
Let i(m) = 2*m**2 - 37*m + 179. Determine i(8).
11
Let n(z) = 46*z + 196. Calculate n(-11).
-310
Let r(x) = 100*x + 12304. Determine r(-123).
4
Let g(f) = -2626*f + 13175. Give g(5).
45
Let y(l) = l**3 + 5*l**2 - 32*l + 5. Give y(3).
-19
Let r(k) = 1189*k - 71329. What is r(60)?
11
Let v(z) = -825*z - 3287. What is v(-4)?
13
Let q(l) = -l**2 + 14*l + 21. Give q(6).
69
Let d(f) = -24*f + 543. What is d(23)?
-9
Let j(a) = 4*a**2 + 9*a + 71. Determine j(0).
71
Let i(q) = 120*q - 4393. Give i(37).
47
Let c(a) = -5*a**2 + 5*a + 7. What is c(-1)?
-3
Let v(i) = -12*i - 556. Give v(-41).
-64
Let k(b) = -16*b**3 - 416*b**2 - 2*b - 42. What is k(-26)?
10
Let w(a) = -a**3 - 48*a**2 - 84*a + 357. What is w(-46)?
-11
Let n(m) = 6*m**2 - 44*m + 11. Calculate n(5).
-59
Let a(o) = 276*o - 44711. Calculate a(162).
1
Let a(y) = -y**3 + 29*y**2 - 2*y - 48. What is a(29)?
-106
Let j(v) = 3*v**2 + 963*v - 2919. Give j(3).
-3
Let t(o) = -o**3 + 35*o**2 + 21*o + 632. What is t(36)?
92
Let o(y) = 28*y + 581. Determine o(-29).
-231
Let p(o) = -4*o**3 + o**2 - 38*o + 38. Give p(1).
-3
Let i(p) = -p**2 + 7*p + 391. Calculate i(23).
23
Let a(n) = -n**3 - 12*n**2 - 9*n - 3. Determine a(-11).
-25
Let d(j) = 5*j**2 + 63*j + 100. Calculate d(-9).
-62
Let f(z) = z**3 + 12*z**2 - 4*z - 11. What is f(-2)?
37
Let y(q) = 108*q**2 - 849*q - 126. What is y(8)?
-6
Let c(i) = 165*i**3 - i**2 - 4*i + 5. What is c(1)?
165
Let x(y) = -2*y**3 - 7*y**2 + 72*y + 6. What is x(-8)?
6
Let v(a) = a**2 + 10*a - 144. What is v(-18)?
0
Let m(o) = -32*o + 4780. Give m(149).
12
Let u(g) = 26*g**2 + 3*g + 1. Give u(-2).
99
Let b(f) = 427*f + 61. Give b(-1).
-366
Let s(z) = 7*z + 42. Give s(14).
140
Let t(p) = -2*p**2 - 73*p + 91. What is t(-38)?
-23
Let q(p) = 6*p - 32. Give q(-16).
-128
Let m(l) = 4*l**2 + 934*l + 8949. Calculate m(-10).
9
Let i(x) = -x**2 + 42*x + 338. What is i(48)?
50
Let y(k) = 550*k + 25304. Calculate y(-46).
4
Let c(l) = 12*l + 83. Calculate c(11).
215
Let m(a) = -2*a**3 + 20*a**2 - 4*a - 11. Calculate m(10).
-51
Let y(d) = -3*d**3 - 12*d**2 - 13*d - 14. Calculate y(-5).
126
Let t(a) = a**2 + 8*a - 562. Determine t(-28).
-2
Let v(l) = 4*l**3 + 230*l**2 - 731*l + 3. Determine v(3).
-12
Let c(o) = 59*o - 365. Calculate c(6).
-11
Let a(q) = -1963*q + 19634. Calculate a(10).
4
Let c(p) = p**2 - 22*p - 88. What is c(15)?
-193
Let f(g) = g**3 - 151*g**2 + 590*g - 320. Calculate f(147).
-26
Let f(n) = -n**3 + 88*n**2 - 110*n + 1997. What is f(87)?
-4
Let v(x) = x**2 - 17*x - 1509. What is v(57)?
771
Let y(w) = -9*w**2 - 52*w - 205. What is y(-6)?
-217
Let z(h) = 3*h + 59. What is z(-17)?
8
Let o(n) = 7*n + 17. Determine o(-4).
-11
Let x(z) = 31*z + 369. Give x(-19).
-220
Let y(i) = 2*i**2 - 6*i - 13. Give y(4).
-5
Let i(m) = -1073*m**2 + 7508*m + 16. Give i(7).
-5
Let j(c) = 103*c - 2677. Determine j(26).
1
Let q(m) = -m**3 - 35*m**2 + 71*m - 147. Give q(-37).
-36
Let a(w) = -210*w + 1043. Determine a(5).
-7
Let t(l) = -l**3 + 105*l + 520. Calculate t(-5).
120
Let i(s) = -2*s**2 - 44*s + 2198. Calculate i(-46).
-10
Let l(u) = -32*u + 12. What is l(1)?
-20
Let l(t) = 2*t**2 - 20*t - 178. What is l(-6)?
14
Let j(v) = 645*v - 27068. Give j(42).
22
Let a(n) = 5*n**2 - 29*n - 28. What is a(-6)?
326
Let o(i) = 11*i**2 - 89*i + 15. Give o(7).
-69
Let p(o) = -o**3 + 43*o**2 - 66*o - 68. Calculate p(41).
588
Let c(g) = 22*g**2 + 76*g - 1. Give c(-3).
-31
Let k(b) = -5815*b - 29058. Calculate k(-5).
17
Let y(n) = n**3 - 34*n**2 + 16*n + 65. Calculate y(33).
-496
Let h(x) = -26*x**3 + 2*x**2 - 6*x + 4. Determine h(1).
-26
Let d(t) = 4*t**3 - 18*t**2 - 3*t + 8. Determine d(4).
-36
Let t(s) = 26*s + 322. Calculate t(-11).
36
Let g(o) = -3*o**2 - 521*o + 14463. Determine g(-198).
9
Let v(f) = 302*f - 3025. Give v(10).
-5
Let s(b) = -70*b**2 + 6227*b + 262. Determine s(89).
-5
Let x(f) = 2*f**2 - 28*f - 83. Give x(18).
61
Let d(a) = 29*a - 85. Determine d(-4).
-201
Let i(f) = 6*f**3 - 38*f**2 + 7*f + 16. Give i(6).
-14
Let u(l) = l**2 + 24*l + 37. Calculate u(-18).
-71
Let n(p) = -3*p**2 + 10*p - 56. What is n(8)?
-168
Let u(y) = -5*y - 29. Calculate u(3).
-44
Let y(q) = -q**2 + 57*q - 67. Give y(62).
-377
Let p(w) = -2*w**2 - 183*w + 1491. Give p(-99).
6
Let w(o) = -o**3 - 3*o**2 - 12*o - 51. Give w(-4).
13
Let p(w) = 5*w + 347. What is p(-83)?
-68
Let g(d) = 16*d**2 - 205*d + 442. Give g(10).
-8
Let w(q) = -q**3 + 43*q**2 - 102*q + 812. Calculate w(41).
-8
Let c(n) = n**3 - 17*n**2 + 28*n + 62. Determine c(15).
32
Let g(h) = -2*h**3 - 17*h**2 + 7*h - 11. What is g(-8)?
-131
Let j(n) = 6*n**2 - 243*n + 2178. Determine j(27).
-9
Let k(h) = 2*h**3 - 11*h**2 - 28*h - 109. Give k(11).
914
Let t(a) = -a**2 - 27*a + 23. What is t(-9)?
185
Let o(r) = -344*r + 4425. Give o(13).
-47
Let p(g) = -g**2 + 22*g + 142. Give p(-7).
-61
Let k(o) = 20*o - 506. Give k(15).
-206
Let y(k) = k**3 - 69*k**2 + 57*k + 749. Calculate y(68).
1
Let t(s) = -7*s**2 - 82*s - 243. Determine t(-3).
-60
Let u(s) = -s**3 + 13*s**2 + 206*s + 67. Determine u(-9).
-5
Let r(j) = 44*j + 165. Give r(-6).
-99
Let z(f) = 2*f**2 + 60*f + 271. Give z(-24).
-17
Let v(k) = -k**3 - 27*k - 69. Calculate v(-2).
-7
Let i(j) = 112*j**3 + j**2 - 26*j - 29. Give i(-1).
-114
Let i(g) = -2*g**3 + 47*g**2 + 19*g + 123. Determine i(24).
3
Let z(f) = -91*f - 1722. Calculate z(-19).
7
Let v(g) = -66*g - 2260. Determine v(-34).
-16
Let r(s) = -2*s**3 - 217*s**2 - 114*s - 648. Give r(-108).
0
Let u(a) = -120*a + 301. What is u(5)?
-299
Let h(a) = -a**3 + 102*a**2 + 877*a + 312. Determine h(110).
-18
Let o(s) = -3231*s - 171254. Determine o(-53).
-11
Let r(n) = -292*n + 783. What is 